{"id":682,"date":"2025-08-20T08:09:01","date_gmt":"2025-08-20T06:09:01","guid":{"rendered":"https:\/\/ingeborgbonnevie.dk\/?page_id=682"},"modified":"2025-08-28T09:47:31","modified_gmt":"2025-08-28T07:47:31","slug":"privatlivspolitik","status":"publish","type":"page","link":"https:\/\/ingeborgbonnevie.dk\/index.php\/privatlivspolitik\/","title":{"rendered":"Privatlivspolitik"},"content":{"rendered":"<section class=\"bde-section-682-100 bde-section\">\n  \n  \n\t\n\n\n\n<div class=\"section-container\"><div class=\"bde-div-682-107 bde-div\">\n  \n  \n\t\n\n\n\n<h2 class=\"bde-heading-682-101 bde-heading\">\nPRIVATLIVSPOLITIK\n<\/h2><h3 class=\"bde-heading-682-102 bde-heading\">\nfor Psykolog Ingeborg Bonnevie\n<\/h3>\n<\/div><div class=\"bde-div-682-108 bde-div\">\n  \n  \n\t\n\n\n\n<h3 class=\"bde-heading-682-104 bde-heading\">\nDataansvar og databeskyttelse\n<\/h3><div class=\"bde-text-682-103 bde-text\">\nJeg er ansvarlig for dine data og sikrer at de behandles i overensstemmelse med lovgivning.       I det f\u00f8lgense beskrives hvilke data der behandles, hvordan og til hvilke form\u00e5l.\n<\/div>\n<\/div><div class=\"bde-div-682-109 bde-div\">\n  \n  \n\t\n\n\n\n<h3 class=\"bde-heading-682-110 bde-heading\">\nHvilke personoplysninger behandler jeg?\n<\/h3><div class=\"bde-text-682-111 bde-text\">\n- Almindelige personoplysninger<br>- Cpr \u2013 nummer<br>- F\u00f8lsomme data om dit helbred.<br><br>Jeg indsamler, behandler og opbevarer kun de oplysninger, som er relevante og tilstr\u00e6kkelige i forhold til form\u00e5let med behandling.<br><br>Jeg kontrollerer, at dine oplysninger er rigtige og retvisende. Jeg opdaterer dem l\u00f8bende og beder dig derfor om at informere om eventuelle \u00e6ndringer af relevante data.<br>\n<\/div>\n<\/div><div class=\"bde-div-682-115 bde-div\">\n  \n  \n\t\n\n\n\n<h3 class=\"bde-heading-682-116 bde-heading\">\nVideregivelse af oplysninger\n<\/h3><div class=\"bde-text-682-117 bde-text\">\nSom psykolog har jeg tavshedspligt jf. sundhedsloven. <br><br>Jeg videregiver ikke oplysninger om dig uden dit samtykke. I s\u00e6rlige tilf\u00e6lde kan der ske videregivelse uden samtykke jf. sundhedsloven kaptl. 9. Det vil typisk v\u00e6re til andet sundhedspersonale fx din egen l\u00e6ge.<br><br>Dine oplysninger, som er registreret til brug for afregnings form\u00e5l, udveksles med betalingsformidlere i det omfang det er n\u00f8dvendigt for at gennemf\u00f8re betalingen.<br><br>Hvis din behandling betales af andre fx din region eller forsikringsselskab, kan oplysninger om behandling v\u00e6re aktuelt at videregive til den, der skal betale.<br>\n<\/div>\n<\/div><div class=\"bde-div-682-112 bde-div\">\n  \n  \n\t\n\n\n\n<h3 class=\"bde-heading-682-113 bde-heading\">\nHvor l\u00e6nge opbevares oplysningerne?\n<\/h3><div class=\"bde-text-682-114 bde-text\">\nIf\u00f8lge Sundhedsloven har jeg pligt til at f\u00f8re journal.<br><br>Din journal opbevares i 5 \u00e5r fra det seneste journalnotat.<br><br>Dine oplysninger slettes, n\u00e5r de ikke mere er n\u00f8dvendige i forhold til det form\u00e5l, som var \u00e5rsagen til indsamling, behandling og opbevaring.<br>\n<\/div>\n<\/div><\/div>\n<\/section>","protected":false},"excerpt":{"rendered":"<p>PRIVATLIVSPOLITIK for Psykolog Ingeborg Bonnevie Dataansvar og databeskyttelse Jeg er ansvarlig for dine data og sikrer at de behandles i overensstemmelse med lovgivning. I det f\u00f8lgense beskrives hvilke data der behandles, hvordan og til hvilke form\u00e5l. Hvilke personoplysninger behandler jeg? &#8211; Almindelige personoplysninger- Cpr \u2013 nummer- F\u00f8lsomme data om dit helbred.Jeg indsamler, behandler og opbevarer [&hellip;]<\/p>\n","protected":false},"author":1,"featured_media":0,"parent":0,"menu_order":0,"comment_status":"closed","ping_status":"closed","template":"","meta":{"_breakdance_hide_in_design_set":false,"_breakdance_tags":"","footnotes":""},"class_list":["post-682","page","type-page","status-publish","hentry"],"yoast_head":"<!-- This site is optimized with the Yoast SEO plugin v25.8 - https:\/\/yoast.com\/wordpress\/plugins\/seo\/ -->\n<title>Privatlivspolitik - Psykolog - Ingeborg Bonnevie<\/title>\n<meta name=\"robots\" content=\"index, follow, max-snippet:-1, max-image-preview:large, max-video-preview:-1\" \/>\n<link rel=\"canonical\" href=\"https:\/\/ingeborgbonnevie.dk\/index.php\/privatlivspolitik\/\" \/>\n<meta property=\"og:locale\" content=\"da_DK\" \/>\n<meta property=\"og:type\" content=\"article\" \/>\n<meta property=\"og:title\" content=\"Privatlivspolitik - Psykolog - Ingeborg Bonnevie\" \/>\n<meta property=\"og:description\" content=\"PRIVATLIVSPOLITIK for Psykolog Ingeborg Bonnevie Dataansvar og databeskyttelse Jeg er ansvarlig for dine data og sikrer at de behandles i overensstemmelse med lovgivning. I det f\u00f8lgense beskrives hvilke data der behandles, hvordan og til hvilke form\u00e5l. Hvilke personoplysninger behandler jeg? - Almindelige personoplysninger- Cpr \u2013 nummer- F\u00f8lsomme data om dit helbred.Jeg indsamler, behandler og opbevarer [&hellip;]\" \/>\n<meta property=\"og:url\" content=\"https:\/\/ingeborgbonnevie.dk\/index.php\/privatlivspolitik\/\" \/>\n<meta property=\"og:site_name\" content=\"Psykolog - Ingeborg Bonnevie\" \/>\n<meta property=\"article:modified_time\" content=\"2025-08-28T07:47:31+00:00\" \/>\n<meta name=\"twitter:card\" content=\"summary_large_image\" \/>\n<script type=\"application\/ld+json\" class=\"yoast-schema-graph\">{\"@context\":\"https:\/\/schema.org\",\"@graph\":[{\"@type\":\"WebPage\",\"@id\":\"https:\/\/ingeborgbonnevie.dk\/index.php\/privatlivspolitik\/\",\"url\":\"https:\/\/ingeborgbonnevie.dk\/index.php\/privatlivspolitik\/\",\"name\":\"Privatlivspolitik - Psykolog - Ingeborg Bonnevie\",\"isPartOf\":{\"@id\":\"https:\/\/ingeborgbonnevie.dk\/#website\"},\"datePublished\":\"2025-08-20T06:09:01+00:00\",\"dateModified\":\"2025-08-28T07:47:31+00:00\",\"breadcrumb\":{\"@id\":\"https:\/\/ingeborgbonnevie.dk\/index.php\/privatlivspolitik\/#breadcrumb\"},\"inLanguage\":\"da-DK\",\"potentialAction\":[{\"@type\":\"ReadAction\",\"target\":[\"https:\/\/ingeborgbonnevie.dk\/index.php\/privatlivspolitik\/\"]}]},{\"@type\":\"BreadcrumbList\",\"@id\":\"https:\/\/ingeborgbonnevie.dk\/index.php\/privatlivspolitik\/#breadcrumb\",\"itemListElement\":[{\"@type\":\"ListItem\",\"position\":1,\"name\":\"Hjem\",\"item\":\"https:\/\/ingeborgbonnevie.dk\/\"},{\"@type\":\"ListItem\",\"position\":2,\"name\":\"Privatlivspolitik\"}]},{\"@type\":\"WebSite\",\"@id\":\"https:\/\/ingeborgbonnevie.dk\/#website\",\"url\":\"https:\/\/ingeborgbonnevie.dk\/\",\"name\":\"Psykolog - Ingeborg Bonnevie\",\"description\":\"Autoriseret psykolog, specialist i psykoterapi, voksne\",\"potentialAction\":[{\"@type\":\"SearchAction\",\"target\":{\"@type\":\"EntryPoint\",\"urlTemplate\":\"https:\/\/ingeborgbonnevie.dk\/?s={search_term_string}\"},\"query-input\":{\"@type\":\"PropertyValueSpecification\",\"valueRequired\":true,\"valueName\":\"search_term_string\"}}],\"inLanguage\":\"da-DK\"}]}<\/script>\n<!-- \/ Yoast SEO plugin. -->","yoast_head_json":{"title":"Privatlivspolitik - Psykolog - Ingeborg Bonnevie","robots":{"index":"index","follow":"follow","max-snippet":"max-snippet:-1","max-image-preview":"max-image-preview:large","max-video-preview":"max-video-preview:-1"},"canonical":"https:\/\/ingeborgbonnevie.dk\/index.php\/privatlivspolitik\/","og_locale":"da_DK","og_type":"article","og_title":"Privatlivspolitik - Psykolog - Ingeborg Bonnevie","og_description":"PRIVATLIVSPOLITIK for Psykolog Ingeborg Bonnevie Dataansvar og databeskyttelse Jeg er ansvarlig for dine data og sikrer at de behandles i overensstemmelse med lovgivning. I det f\u00f8lgense beskrives hvilke data der behandles, hvordan og til hvilke form\u00e5l. Hvilke personoplysninger behandler jeg? - Almindelige personoplysninger- Cpr \u2013 nummer- F\u00f8lsomme data om dit helbred.Jeg indsamler, behandler og opbevarer [&hellip;]","og_url":"https:\/\/ingeborgbonnevie.dk\/index.php\/privatlivspolitik\/","og_site_name":"Psykolog - Ingeborg Bonnevie","article_modified_time":"2025-08-28T07:47:31+00:00","twitter_card":"summary_large_image","schema":{"@context":"https:\/\/schema.org","@graph":[{"@type":"WebPage","@id":"https:\/\/ingeborgbonnevie.dk\/index.php\/privatlivspolitik\/","url":"https:\/\/ingeborgbonnevie.dk\/index.php\/privatlivspolitik\/","name":"Privatlivspolitik - Psykolog - Ingeborg Bonnevie","isPartOf":{"@id":"https:\/\/ingeborgbonnevie.dk\/#website"},"datePublished":"2025-08-20T06:09:01+00:00","dateModified":"2025-08-28T07:47:31+00:00","breadcrumb":{"@id":"https:\/\/ingeborgbonnevie.dk\/index.php\/privatlivspolitik\/#breadcrumb"},"inLanguage":"da-DK","potentialAction":[{"@type":"ReadAction","target":["https:\/\/ingeborgbonnevie.dk\/index.php\/privatlivspolitik\/"]}]},{"@type":"BreadcrumbList","@id":"https:\/\/ingeborgbonnevie.dk\/index.php\/privatlivspolitik\/#breadcrumb","itemListElement":[{"@type":"ListItem","position":1,"name":"Hjem","item":"https:\/\/ingeborgbonnevie.dk\/"},{"@type":"ListItem","position":2,"name":"Privatlivspolitik"}]},{"@type":"WebSite","@id":"https:\/\/ingeborgbonnevie.dk\/#website","url":"https:\/\/ingeborgbonnevie.dk\/","name":"Psykolog - Ingeborg Bonnevie","description":"Autoriseret psykolog, specialist i psykoterapi, voksne","potentialAction":[{"@type":"SearchAction","target":{"@type":"EntryPoint","urlTemplate":"https:\/\/ingeborgbonnevie.dk\/?s={search_term_string}"},"query-input":{"@type":"PropertyValueSpecification","valueRequired":true,"valueName":"search_term_string"}}],"inLanguage":"da-DK"}]}},"_links":{"self":[{"href":"https:\/\/ingeborgbonnevie.dk\/index.php\/wp-json\/wp\/v2\/pages\/682","targetHints":{"allow":["GET"]}}],"collection":[{"href":"https:\/\/ingeborgbonnevie.dk\/index.php\/wp-json\/wp\/v2\/pages"}],"about":[{"href":"https:\/\/ingeborgbonnevie.dk\/index.php\/wp-json\/wp\/v2\/types\/page"}],"author":[{"embeddable":true,"href":"https:\/\/ingeborgbonnevie.dk\/index.php\/wp-json\/wp\/v2\/users\/1"}],"replies":[{"embeddable":true,"href":"https:\/\/ingeborgbonnevie.dk\/index.php\/wp-json\/wp\/v2\/comments?post=682"}],"version-history":[{"count":17,"href":"https:\/\/ingeborgbonnevie.dk\/index.php\/wp-json\/wp\/v2\/pages\/682\/revisions"}],"predecessor-version":[{"id":823,"href":"https:\/\/ingeborgbonnevie.dk\/index.php\/wp-json\/wp\/v2\/pages\/682\/revisions\/823"}],"wp:attachment":[{"href":"https:\/\/ingeborgbonnevie.dk\/index.php\/wp-json\/wp\/v2\/media?parent=682"}],"curies":[{"name":"wp","href":"https:\/\/api.w.org\/{rel}","templated":true}]}}